{"id":1614,"date":"2023-05-24T11:25:57","date_gmt":"2023-05-24T09:25:57","guid":{"rendered":"https:\/\/weingut-hochthurn.com\/online\/?page_id=1614"},"modified":"2023-07-28T14:28:16","modified_gmt":"2023-07-28T12:28:16","slug":"versandkosten","status":"publish","type":"page","link":"https:\/\/weingut-hochthurn.com\/online\/versandkosten\/","title":{"rendered":"Versandkosten"},"content":{"rendered":"<section class=\"wpb-content-wrapper\"><p>[vc_row css=&#8220;.vc_custom_1688982728774{padding-top: 30px !important;padding-right: 15px !important;padding-bottom: 45px !important;padding-left: 15px !important;background-image: url(https:\/\/weingut-hochthurn.com\/online\/wp-content\/uploads\/2023\/05\/Gruen3-e1688982626236.png?id=1562) !important;background-position: center !important;background-repeat: no-repeat !important;background-size: contain !important;}&#8220;][vc_column][vc_custom_heading text=&#8220;Versandkosten&#8220; font_container=&#8220;tag:h1|text_align:left|color:%23bbb219&#8243; google_fonts=&#8220;font_family:Fredericka%20the%20Great%3Aregular|font_style:400%20regular%3A400%3Anormal&#8220; css_animation=&#8220;none&#8220; css=&#8220;.vc_custom_1690547294816{margin-bottom: 20px !important;}&#8220;][vc_column_text]<strong>Lieferbedingungen &amp; Zahlungsm\u00f6glichkeiten<\/strong><\/p>\n<p>Alle Preise enthalten die gesetzliche Mehrwertsteuer.<br \/>\nDer Versand erfolgt in 6\/12\/18er-Staffelung.<\/p>\n<p>Pro Lieferung innerhalb Deutschlands berechnen wir einen Versandkostenanteil von \u20ac 10,00,\u00a0ab einem Bestellwert von \u20ac 100,\u2013 erfolgt die Lieferung frei Haus.<\/p>\n<p>Zahlungen ohne Abz\u00fcge innerhalb von 21 Tagen nach Rechnungsdatum. Die Weine bleiben bis zur vollst\u00e4ndigen Bezahlung unser Eigentum. Versand ins Ausland auf Anfrage.<\/p>\n<p>Transportsch\u00e4den sind bei der Post oder dem Spediteur durch den Empf\u00e4nger geltend zu machen. Erf\u00fcllungsort ist Bingen, Gerichtsstand ist Bingen.<\/p>\n<p>Soweit nicht anders vereinbart, akzeptieren wir als Zahlung:<\/p>\n<p>\u2022 Paypal<br \/>\n\u2022 Vorkasse<br \/>\n\u2022 Stammkunden auf Rechnung<\/p>\n<p>Wir bitten um Verst\u00e4ndnis, dass wir Neukunden nur gegen Vorkasse oder via\u00a0Paypal\u00a0beliefern k\u00f6nnen.[\/vc_column_text][\/vc_column][\/vc_row]<\/p>\n<\/section>","protected":false},"excerpt":{"rendered":"<p>[vc_row css=&#8220;.vc_custom_1688982728774{padding-top: 30px !important;padding-right: 15px !important;padding-bottom: 45px !important;padding-left: 15px !important;background-image: url(https:\/\/weingut-hochthurn.com\/online\/wp-content\/uploads\/2023\/05\/Gruen3-e1688982626236.png?id=1562) !important;background-position: center !important;background-repeat: no-repeat !important;background-size: contain !important;}&#8220;][vc_column][vc_custom_heading text=&#8220;Versandkosten&#8220; font_container=&#8220;tag:h1|text_align:left|color:%23bbb219&#8243; google_fonts=&#8220;font_family:Fredericka%20the%20Great%3Aregular|font_style:400%20regular%3A400%3Anormal&#8220; css_animation=&#8220;none&#8220; css=&#8220;.vc_custom_1690547294816{margin-bottom: 20px !important;}&#8220;][vc_column_text]Lieferbedingungen &amp; Zahlungsm\u00f6glichkeiten Alle Preise enthalten die gesetzliche Mehrwertsteuer. Der Versand erfolgt in 6\/12\/18er-Staffelung. Pro Lieferung innerhalb Deutschlands berechnen wir einen Versandkostenanteil von \u20ac 10,00,\u00a0ab einem<\/p>\n","protected":false},"author":1,"featured_media":0,"parent":0,"menu_order":0,"comment_status":"closed","ping_status":"closed","template":"","meta":{"footnotes":""},"class_list":["post-1614","page","type-page","status-publish","hentry"],"_links":{"self":[{"href":"https:\/\/weingut-hochthurn.com\/online\/wp-json\/wp\/v2\/pages\/1614","targetHints":{"allow":["GET"]}}],"collection":[{"href":"https:\/\/weingut-hochthurn.com\/online\/wp-json\/wp\/v2\/pages"}],"about":[{"href":"https:\/\/weingut-hochthurn.com\/online\/wp-json\/wp\/v2\/types\/page"}],"author":[{"embeddable":true,"href":"https:\/\/weingut-hochthurn.com\/online\/wp-json\/wp\/v2\/users\/1"}],"replies":[{"embeddable":true,"href":"https:\/\/weingut-hochthurn.com\/online\/wp-json\/wp\/v2\/comments?post=1614"}],"version-history":[{"count":10,"href":"https:\/\/weingut-hochthurn.com\/online\/wp-json\/wp\/v2\/pages\/1614\/revisions"}],"predecessor-version":[{"id":1822,"href":"https:\/\/weingut-hochthurn.com\/online\/wp-json\/wp\/v2\/pages\/1614\/revisions\/1822"}],"wp:attachment":[{"href":"https:\/\/weingut-hochthurn.com\/online\/wp-json\/wp\/v2\/media?parent=1614"}],"curies":[{"name":"wp","href":"https:\/\/api.w.org\/{rel}","templated":true}]}}